{"id":1261,"date":"2017-06-23T12:47:38","date_gmt":"2017-06-23T10:47:38","guid":{"rendered":"http:\/\/aragonindustria40.es\/?page_id=1261"},"modified":"2018-08-07T09:36:28","modified_gmt":"2018-08-07T07:36:28","slug":"digital-innovation-hub","status":"publish","type":"page","link":"https:\/\/aragonindustria40.es\/index.php\/digital-innovation-hub\/","title":{"rendered":"Digital Innovation Hub"},"content":{"rendered":"<p>Este <a href=\"https:\/\/www.aragondih.com\/\" target=\"_blank\" rel=\"noopener\">Digital Innovation Hub<\/a>, bautizado como <a href=\"https:\/\/www.aragondih.com\/\" target=\"_blank\" rel=\"noopener\">CENTRO DE INNOVACION DIGITAL DE ARAGON DIH-AR<\/a> es la iniciativa aragonesa que hace tangible, bajo un marco de cooperaci\u00f3n europeo (DIH),\u00a0 la estrategia de Promoci\u00f3n Econ\u00f3mica e Industrial de Arag\u00f3n y la estrategia regional inteligente de Arag\u00f3n, conformando la acci\u00f3n tecnol\u00f3gica e innovadora del Sistema de Innovaci\u00f3n Aragon\u00e9s hacia la digitalizaci\u00f3n de la Industria. Para ello cuenta con los Organismos de Investigaci\u00f3n, los centros de competencia, la empresas y cl\u00fasteres innovadores, as\u00ed como las agencias de fomento empresarial y las autoridades competentes necesarios para sustentar y dar forma a la Estrategia Arag\u00f3n Industria 4.0 (AI4.0). ITAINNOVA jugar\u00e1 un papel central en este proceso trabajando en los aspectos tecnol\u00f3gicos y de impulso y ayuda a la digitalizaci\u00f3n de las empresas.<\/p>\n<p><a href=\"https:\/\/www.aragondih.com\/\" target=\"_blank\" rel=\"noopener\"><img data-recalc-dims=\"1\" loading=\"lazy\" decoding=\"async\" data-attachment-id=\"1794\" data-permalink=\"https:\/\/aragonindustria40.es\/index.php\/digital-innovation-hub\/attachment\/aragondih_infografia\/\" data-orig-file=\"https:\/\/i0.wp.com\/aragonindustria40.es\/wp-content\/uploads\/2018\/08\/AragonDIH_Infografia.png?fit=890%2C195&amp;ssl=1\" data-orig-size=\"890,195\" data-comments-opened=\"0\" data-image-meta=\"{&quot;aperture&quot;:&quot;0&quot;,&quot;credit&quot;:&quot;&quot;,&quot;camera&quot;:&quot;&quot;,&quot;caption&quot;:&quot;&quot;,&quot;created_timestamp&quot;:&quot;0&quot;,&quot;copyright&quot;:&quot;&quot;,&quot;focal_length&quot;:&quot;0&quot;,&quot;iso&quot;:&quot;0&quot;,&quot;shutter_speed&quot;:&quot;0&quot;,&quot;title&quot;:&quot;&quot;,&quot;orientation&quot;:&quot;0&quot;}\" data-image-title=\"AragonDIH_Infografia\" data-image-description=\"\" data-image-caption=\"\" data-large-file=\"https:\/\/i0.wp.com\/aragonindustria40.es\/wp-content\/uploads\/2018\/08\/AragonDIH_Infografia.png?fit=525%2C115&amp;ssl=1\" class=\"alignnone wp-image-1794 size-full\" src=\"https:\/\/i0.wp.com\/aragonindustria40.es\/wp-content\/uploads\/2018\/08\/AragonDIH_Infografia.png?resize=525%2C115&#038;ssl=1\" alt=\"\" width=\"525\" height=\"115\" srcset=\"https:\/\/i0.wp.com\/aragonindustria40.es\/wp-content\/uploads\/2018\/08\/AragonDIH_Infografia.png?w=890&amp;ssl=1 890w, https:\/\/i0.wp.com\/aragonindustria40.es\/wp-content\/uploads\/2018\/08\/AragonDIH_Infografia.png?resize=300%2C66&amp;ssl=1 300w, https:\/\/i0.wp.com\/aragonindustria40.es\/wp-content\/uploads\/2018\/08\/AragonDIH_Infografia.png?resize=768%2C168&amp;ssl=1 768w\" sizes=\"auto, (max-width: 767px) 89vw, (max-width: 1000px) 54vw, (max-width: 1071px) 543px, 580px\" \/><\/a><\/p>\n","protected":false},"excerpt":{"rendered":"<p>Este Digital Innovation Hub, bautizado como CENTRO DE INNOVACION DIGITAL DE ARAGON DIH-AR es la iniciativa aragonesa que hace tangible, bajo un marco de cooperaci\u00f3n europeo (DIH),\u00a0 la estrategia de &hellip; <\/p>\n<p class=\"link-more\"><a href=\"https:\/\/aragonindustria40.es\/index.php\/digital-innovation-hub\/\" class=\"more-link\">Continuar leyendo<span class=\"screen-reader-text\"> \u00abDigital Innovation Hub\u00bb<\/span><\/a><\/p>\n","protected":false},"author":4,"featured_media":1795,"parent":0,"menu_order":0,"comment_status":"closed","ping_status":"closed","template":"","meta":{"_acf_changed":false,"jetpack_post_was_ever_published":false,"footnotes":""},"class_list":["post-1261","page","type-page","status-publish","has-post-thumbnail","hentry"],"acf":[],"jetpack_sharing_enabled":true,"jetpack_shortlink":"https:\/\/wp.me\/P9QsgV-kl","_links":{"self":[{"href":"https:\/\/aragonindustria40.es\/index.php\/wp-json\/wp\/v2\/pages\/1261","targetHints":{"allow":["GET"]}}],"collection":[{"href":"https:\/\/aragonindustria40.es\/index.php\/wp-json\/wp\/v2\/pages"}],"about":[{"href":"https:\/\/aragonindustria40.es\/index.php\/wp-json\/wp\/v2\/types\/page"}],"author":[{"embeddable":true,"href":"https:\/\/aragonindustria40.es\/index.php\/wp-json\/wp\/v2\/users\/4"}],"replies":[{"embeddable":true,"href":"https:\/\/aragonindustria40.es\/index.php\/wp-json\/wp\/v2\/comments?post=1261"}],"version-history":[{"count":5,"href":"https:\/\/aragonindustria40.es\/index.php\/wp-json\/wp\/v2\/pages\/1261\/revisions"}],"predecessor-version":[{"id":1797,"href":"https:\/\/aragonindustria40.es\/index.php\/wp-json\/wp\/v2\/pages\/1261\/revisions\/1797"}],"wp:featuredmedia":[{"embeddable":true,"href":"https:\/\/aragonindustria40.es\/index.php\/wp-json\/wp\/v2\/media\/1795"}],"wp:attachment":[{"href":"https:\/\/aragonindustria40.es\/index.php\/wp-json\/wp\/v2\/media?parent=1261"}],"curies":[{"name":"wp","href":"https:\/\/api.w.org\/{rel}","templated":true}]}}