{"id":1963,"date":"2019-02-07T10:52:48","date_gmt":"2019-02-07T09:52:48","guid":{"rendered":"http:\/\/aragonindustria40.es\/?page_id=1963"},"modified":"2019-02-12T12:55:53","modified_gmt":"2019-02-12T11:55:53","slug":"guia-transformacion-digital-pymes","status":"publish","type":"page","link":"https:\/\/aragonindustria40.es\/index.php\/guia-transformacion-digital-pymes\/","title":{"rendered":"Gu\u00eda para la transformaci\u00f3n digital de pymes industriales"},"content":{"rendered":"<p><span style=\"font-family: Helvetica, Arial, sans-serif;\">Esta Gu\u00eda para la Transformaci\u00f3n Digital pretende ser una herramienta de trabajo para las PYMES industriales que deseen iniciar o avanzar en el camino de la digitalizaci\u00f3n. En ese sentido se orienta a identificar de una manera sistem\u00e1tica y procedimentada aquellas \u00e1reas de trabajo y proyectos concretos en el \u00e1mbito de la digitalizaci\u00f3n y la industria 4.0 m\u00e1s adecuados a la situaci\u00f3n de partida y capacidades de la empresa que permitan la progresiva transformaci\u00f3n digital de la misma.<br \/>En este sentido esperamos que esta gu\u00eda pueda ayudar a identificar m\u00e1s claramente esos \u00e1mbitos de actuaci\u00f3n y a definir proyectos dentro de cada uno de ellos para constituir una hoja de ruta que lleve a la empresa progresivamente hacia nuevas capacidades y modelos de negocio que permitan aprovechar el potencial de los avances conseguidos.<\/span><\/p>\n\n\n<h3 class=\"wp-block-heading\">Descarga la gu\u00eda<\/h3>\n\n\n\n<div class=\"_form_22\"><\/div><script src=\"https:\/\/itainnova.activehosted.com\/f\/embed.php?id=22\" type=\"text\/javascript\" charset=\"utf-8\"><\/script>\n","protected":false},"excerpt":{"rendered":"<p>Esta Gu\u00eda para la Transformaci\u00f3n Digital pretende ser una herramienta de trabajo para las PYMES industriales que deseen iniciar o avanzar en el camino de la digitalizaci\u00f3n. En ese sentido &hellip; <\/p>\n<p class=\"link-more\"><a href=\"https:\/\/aragonindustria40.es\/index.php\/guia-transformacion-digital-pymes\/\" class=\"more-link\">Continuar leyendo<span class=\"screen-reader-text\"> \u00abGu\u00eda para la transformaci\u00f3n digital de pymes industriales\u00bb<\/span><\/a><\/p>\n","protected":false},"author":4,"featured_media":1970,"parent":0,"menu_order":0,"comment_status":"closed","ping_status":"closed","template":"","meta":{"_acf_changed":false,"jetpack_post_was_ever_published":false,"footnotes":""},"class_list":["post-1963","page","type-page","status-publish","has-post-thumbnail","hentry"],"acf":[],"jetpack_sharing_enabled":true,"jetpack_shortlink":"https:\/\/wp.me\/P9QsgV-vF","_links":{"self":[{"href":"https:\/\/aragonindustria40.es\/index.php\/wp-json\/wp\/v2\/pages\/1963","targetHints":{"allow":["GET"]}}],"collection":[{"href":"https:\/\/aragonindustria40.es\/index.php\/wp-json\/wp\/v2\/pages"}],"about":[{"href":"https:\/\/aragonindustria40.es\/index.php\/wp-json\/wp\/v2\/types\/page"}],"author":[{"embeddable":true,"href":"https:\/\/aragonindustria40.es\/index.php\/wp-json\/wp\/v2\/users\/4"}],"replies":[{"embeddable":true,"href":"https:\/\/aragonindustria40.es\/index.php\/wp-json\/wp\/v2\/comments?post=1963"}],"version-history":[{"count":9,"href":"https:\/\/aragonindustria40.es\/index.php\/wp-json\/wp\/v2\/pages\/1963\/revisions"}],"predecessor-version":[{"id":2022,"href":"https:\/\/aragonindustria40.es\/index.php\/wp-json\/wp\/v2\/pages\/1963\/revisions\/2022"}],"wp:featuredmedia":[{"embeddable":true,"href":"https:\/\/aragonindustria40.es\/index.php\/wp-json\/wp\/v2\/media\/1970"}],"wp:attachment":[{"href":"https:\/\/aragonindustria40.es\/index.php\/wp-json\/wp\/v2\/media?parent=1963"}],"curies":[{"name":"wp","href":"https:\/\/api.w.org\/{rel}","templated":true}]}}