{"id":205,"date":"2017-02-16T09:04:02","date_gmt":"2017-02-16T09:04:02","guid":{"rendered":"http:\/\/193.144.225.116\/aragonindustria40\/?page_id=205"},"modified":"2017-05-02T17:55:10","modified_gmt":"2017-05-02T15:55:10","slug":"agentes-socioeconomicos","status":"publish","type":"page","link":"https:\/\/aragonindustria40.es\/index.php\/agentes-socioeconomicos\/","title":{"rendered":"Agentes socioecon\u00f3micos"},"content":{"rendered":"<div id=\"pl-205\"  class=\"panel-layout\" >\n<div id=\"pg-205-0\"  class=\"panel-grid panel-no-style\"  data-style=\"{&quot;background_display&quot;:&quot;tile&quot;}\" >\n<div id=\"pgc-205-0-0\"  class=\"panel-grid-cell\"  data-weight=\"0.750000001875\" >\n<div id=\"panel-205-0-0-0\" class=\"so-panel widget widget_sow-editor panel-first-child panel-last-child\" data-index=\"0\" data-style=\"{&quot;background_display&quot;:&quot;tile&quot;}\" >\n<div class=\"so-widget-sow-editor so-widget-sow-editor-base\">\n<div class=\"siteorigin-widget-tinymce textwidget\">\n<p>En Espa\u00f1a, el debate sobre la necesidad de acometer la digitalizaci\u00f3n de la industria espa\u00f1ola comenz\u00f3 a surgir en la Mesa de Industria y Empleo, abierta por el Ministerio de Industria, Energ\u00eda y Turismo en el mes de abril de 2015 y derivada del acuerdo tripartito, firmado en julio de 2014, por los agentes sociales (CCOO, UGT, CEOE-CEPYME) y el Gobierno.<\/p>\n<p>La revoluci\u00f3n digital trae consigo tanto oportunidades como riesgos. Aprovechar plenamente estas oportunidades y minimizar los riesgos requieren pol\u00edticas adecuadas en una serie de \u00e1reas que deben ser medidas en los marcos tripartitos de negociaci\u00f3n, donde juega un papel fundamental los efectos en el empleo y en las condiciones de trabajo, la cualificaci\u00f3n y las pol\u00edticas de cohesi\u00f3n social y territorial, otorgando un papel fundamental a los agentes sociales.<\/p>\n<p>En Arag\u00f3n los agentes sociales (CCOO, UGT, CEOE-CEPYME) participan en la elaboraci\u00f3n y desarrollo de la Estrategia \u201cArag\u00f3n Industria 4.0\u201d, desempe\u00f1ando una gran labor tanto en la diseminaci\u00f3n e implantaci\u00f3n de la cultura de la digitalizaci\u00f3n industrial como en el desarrollo de los aspectos sociales a considerar en\u00a0 la transici\u00f3n del modelo productivo.<\/p>\n<\/div>\n<\/div>\n<\/div>\n<\/div>\n<div id=\"pgc-205-0-1\"  class=\"panel-grid-cell\"  data-weight=\"0.249999998125\" >\n<div id=\"panel-205-0-1-0\" class=\"so-panel widget widget_text panel-first-child panel-last-child\" data-index=\"1\" data-style=\"{&quot;background_display&quot;:&quot;tile&quot;}\" >\n<div class=\"textwidget\">\n<div class=\"pt-cv-wrapper\">\n<div class=\"pt-cv-view pt-cv-grid pt-cv-colsys\" id=\"pt-cv-view-a903a70but\">\n<div data-id=\"pt-cv-page-1\" class=\"pt-cv-page\" data-cvc=\"1\">\n<div class=\"col-md-12 col-sm-12 col-xs-12 pt-cv-content-item pt-cv-1-col\"  data-pid=\"647\">\n<div class='pt-cv-ifield'><a href=\"https:\/\/aragonindustria40.es\/index.php\/agente-socioeconomico\/ccoo-aragon\/\" class=\"_self pt-cv-href-thumbnail pt-cv-thumb-default cvplbd\" target=\"_self\" ><img data-recalc-dims=\"1\" loading=\"lazy\" decoding=\"async\" width=\"300\" height=\"127\" src=\"https:\/\/i0.wp.com\/aragonindustria40.es\/wp-content\/uploads\/2017\/03\/logo_ccooaragon.png?resize=300%2C127&#038;ssl=1\" class=\"pt-cv-thumbnail\" alt=\"CCOO Arag\u00f3n\" sizes=\"auto, 100vw\" \/><\/a><\/div>\n<\/div>\n<div class=\"col-md-12 col-sm-12 col-xs-12 pt-cv-content-item pt-cv-1-col\"  data-pid=\"638\">\n<div class='pt-cv-ifield'><a href=\"https:\/\/aragonindustria40.es\/index.php\/agente-socioeconomico\/ceoe-aragon\/\" class=\"_self pt-cv-href-thumbnail pt-cv-thumb-default cvplbd\" target=\"_self\" ><img data-recalc-dims=\"1\" loading=\"lazy\" decoding=\"async\" width=\"300\" height=\"112\" src=\"https:\/\/i0.wp.com\/aragonindustria40.es\/wp-content\/uploads\/2017\/03\/logo_ceoearagon.gif?resize=300%2C112&#038;ssl=1\" class=\"pt-cv-thumbnail\" alt=\"CEOE Arag\u00f3n\" sizes=\"auto, 100vw\" \/><\/a><\/div>\n<\/div>\n<div class=\"col-md-12 col-sm-12 col-xs-12 pt-cv-content-item pt-cv-1-col\"  data-pid=\"641\">\n<div class='pt-cv-ifield'><a href=\"https:\/\/aragonindustria40.es\/index.php\/agente-socioeconomico\/cepyme-aragon\/\" class=\"_self pt-cv-href-thumbnail pt-cv-thumb-default cvplbd\" target=\"_self\" ><img data-recalc-dims=\"1\" loading=\"lazy\" decoding=\"async\" width=\"300\" height=\"67\" src=\"https:\/\/i0.wp.com\/aragonindustria40.es\/wp-content\/uploads\/2017\/03\/logo_cepymearagon-300x67.png?resize=300%2C67&#038;ssl=1\" class=\"pt-cv-thumbnail\" alt=\"CEPYME Arag\u00f3n\" srcset=\"https:\/\/aragonindustria40.es\/wp-content\/uploads\/2017\/03\/logo_cepymearagon-300x67.png 300w, https:\/\/aragonindustria40.es\/wp-content\/uploads\/2017\/03\/logo_cepymearagon-768x172.png 768w, https:\/\/aragonindustria40.es\/wp-content\/uploads\/2017\/03\/logo_cepymearagon-1024x229.png 1024w, https:\/\/aragonindustria40.es\/wp-content\/uploads\/2017\/03\/logo_cepymearagon.png 1500w\" sizes=\"auto, 100vw\" \/><\/a><\/div>\n<\/div>\n<div class=\"col-md-12 col-sm-12 col-xs-12 pt-cv-content-item pt-cv-1-col\"  data-pid=\"644\">\n<div class='pt-cv-ifield'><a href=\"https:\/\/aragonindustria40.es\/index.php\/agente-socioeconomico\/ugt-aragon\/\" class=\"_self pt-cv-href-thumbnail pt-cv-thumb-default cvplbd\" target=\"_self\" ><img data-recalc-dims=\"1\" loading=\"lazy\" decoding=\"async\" width=\"300\" height=\"143\" src=\"https:\/\/i0.wp.com\/aragonindustria40.es\/wp-content\/uploads\/2017\/03\/logo_ugtaragon.png?resize=300%2C143&#038;ssl=1\" class=\"pt-cv-thumbnail\" alt=\"UGT Arag\u00f3n\" srcset=\"https:\/\/aragonindustria40.es\/wp-content\/uploads\/2017\/03\/logo_ugtaragon-300x143.png 300w, https:\/\/aragonindustria40.es\/wp-content\/uploads\/2017\/03\/logo_ugtaragon.png 408w\" sizes=\"auto, 100vw\" \/><\/a><\/div>\n<\/div>\n<\/div>\n<\/div>\n<\/div>\n<style type=\"text\/css\" id=\"pt-cv-inline-style-4e864b1gcd\">#pt-cv-view-a903a70but .pt-cv-title a, #pt-cv-view-a903a70but  .panel-title { font-weight: 600 !important; }\n#pt-cv-view-a903a70but .pt-cv-readmore  { color: #ffffff !important; background-color: #00aeef !important; }\n#pt-cv-view-a903a70but .pt-cv-readmore:hover  { color: #ffffff !important; background-color: #00aeef !important; }\n#pt-cv-view-a903a70but  + .pt-cv-pagination-wrapper .pt-cv-more , #pt-cv-view-a903a70but  + .pt-cv-pagination-wrapper .pagination .active a { color: #ffffff !important; background-color: #00aeef !important; }<\/style>\n<\/p><\/div>\n<\/p><\/div>\n<\/div>\n<\/div>\n<\/div>\n","protected":false},"excerpt":{"rendered":"<p>En Espa\u00f1a, el debate sobre la necesidad de acometer la digitalizaci\u00f3n de la industria espa\u00f1ola comenz\u00f3 a surgir en la Mesa de Industria y Empleo, abierta por el Ministerio de &hellip; <\/p>\n<p class=\"link-more\"><a href=\"https:\/\/aragonindustria40.es\/index.php\/agentes-socioeconomicos\/\" class=\"more-link\">Continuar leyendo<span class=\"screen-reader-text\"> \u00abAgentes socioecon\u00f3micos\u00bb<\/span><\/a><\/p>\n","protected":false},"author":1,"featured_media":0,"parent":0,"menu_order":0,"comment_status":"closed","ping_status":"closed","template":"","meta":{"_acf_changed":false,"jetpack_post_was_ever_published":false,"footnotes":""},"class_list":["post-205","page","type-page","status-publish","hentry"],"acf":[],"jetpack_sharing_enabled":true,"jetpack_shortlink":"https:\/\/wp.me\/P9QsgV-3j","_links":{"self":[{"href":"https:\/\/aragonindustria40.es\/index.php\/wp-json\/wp\/v2\/pages\/205","targetHints":{"allow":["GET"]}}],"collection":[{"href":"https:\/\/aragonindustria40.es\/index.php\/wp-json\/wp\/v2\/pages"}],"about":[{"href":"https:\/\/aragonindustria40.es\/index.php\/wp-json\/wp\/v2\/types\/page"}],"author":[{"embeddable":true,"href":"https:\/\/aragonindustria40.es\/index.php\/wp-json\/wp\/v2\/users\/1"}],"replies":[{"embeddable":true,"href":"https:\/\/aragonindustria40.es\/index.php\/wp-json\/wp\/v2\/comments?post=205"}],"version-history":[{"count":13,"href":"https:\/\/aragonindustria40.es\/index.php\/wp-json\/wp\/v2\/pages\/205\/revisions"}],"predecessor-version":[{"id":993,"href":"https:\/\/aragonindustria40.es\/index.php\/wp-json\/wp\/v2\/pages\/205\/revisions\/993"}],"wp:attachment":[{"href":"https:\/\/aragonindustria40.es\/index.php\/wp-json\/wp\/v2\/media?parent=205"}],"curies":[{"name":"wp","href":"https:\/\/api.w.org\/{rel}","templated":true}]}}