{"id":329,"date":"2017-02-20T12:25:04","date_gmt":"2017-02-20T11:25:04","guid":{"rendered":"http:\/\/193.144.225.116\/aragonindustria40\/?page_id=329"},"modified":"2020-03-25T17:14:05","modified_gmt":"2020-03-25T16:14:05","slug":"organismos-publicos","status":"publish","type":"page","link":"https:\/\/aragonindustria40.es\/index.php\/organismos-publicos\/","title":{"rendered":"Organismos p\u00fablicos"},"content":{"rendered":"<p>Los retos derivados de la era de la digitalizaci\u00f3n, hacen que desde los diferentes \u00e1mbitos de las Administraciones y Organismos P\u00fablicos se est\u00e9n estableciendo programas y estrategias de apoyo orientados a favorecer una transici\u00f3n y adaptaci\u00f3n lo m\u00e1s r\u00e1pido y eficiente posible del tejido socioecon\u00f3mico de las regiones.<\/p>\n<h2>La digitalizaci\u00f3n de la industria desde la Comunidad Aut\u00f3noma de Arag\u00f3n<\/h2>\n<p>El Gobierno de Arag\u00f3n consciente de la importancia que representa la nueva revoluci\u00f3n industrial para un sector que desempe\u00f1a un papel relevante en la econom\u00eda regional, ha decidido iniciar el proceso de elaboraci\u00f3n y desarrollo de una Estrategia para la digitalizaci\u00f3n de la Industria, \u201cArag\u00f3n Industria 4.0\u201d.<\/p>\n<p>El marco en el que se inscribe esta iniciativa viene definido en la Ley de regulaci\u00f3n y fomento de la actividad industrial de Arag\u00f3n, cuyo texto refundido fue aprobado por Decreto Legislativo 3\/2013, de 3 de diciembre, del Gobierno de Arag\u00f3n, \u00a0y en cuyo Cap\u00edtulo V dedicado al Fomento Industrial se establecen las pautas generales y competencias de lo que ha de significar la pol\u00edtica de promoci\u00f3n industrial en Arag\u00f3n. El desarrollo del sector industrial, la innovaci\u00f3n y la cohesi\u00f3n social son algunos de sus principales objetivos.<\/p>\n<p>Como consecuencia de la actual organizaci\u00f3n de la Administraci\u00f3n Auton\u00f3mica, es el Departamento de Industria, Competitividad y Desarrollo Empresarial, a trav\u00e9s de la Direcci\u00f3n General de Industria y PYMES, el encargado de dar impulso y conducir una estrategia aragonesa para la Industria 4.0, \u201cArag\u00f3n Industria 4.0\u201d y quien asume las competencias en materia de fomento industrial y de la PYME.<\/p>\n<p>La elaboraci\u00f3n de \u201cArag\u00f3n Industria 4.0\u201d ha supuesto un proceso de di\u00e1logo y cooperaci\u00f3n con todos los agentes implicados: empresas, cl\u00fasteres, grupos de I+D, departamentos del Gobierno de Arag\u00f3n, agentes sociales, que tendr\u00e1 continuaci\u00f3n en su desarrollo y ejecuci\u00f3n. \u00a0La gesti\u00f3n, coordinaci\u00f3n y seguimiento de las actuaciones de la Estrategia se llevan a cabo desde el Servicio de Apoyo a la Peque\u00f1a y Mediana Empresa de la Direcci\u00f3n General de Industria y PYMES.<\/p>\n<h2>Iniciativas a nivel Estatal<\/h2>\n<p>La digitalizaci\u00f3n afecta a todo el conjunto de actividades y sectores econ\u00f3micos. En esta l\u00ednea, el Ministerio de Energ\u00eda, Turismo y Agenda Digital y el Ministerio de Hacienda y Funci\u00f3n P\u00fablica han liderado la elaboraci\u00f3n de la Agenda Digital para Espa\u00f1a y han invitado al conjunto de agentes implicados a participar mediante un proceso abierto, transparente y colaborativo.<\/p>\n<ul>\n<li><a href=\"http:\/\/www.agendadigital.gob.es\/Paginas\/index.aspx\">Agenda digital<\/a><\/li>\n<\/ul>\n<p>El Ministerio de Econom\u00eda, Industria y Competitividad ha elaborado la Agenda para el fortalecimiento del sector industrial en Espa\u00f1a<\/p>\n<ul>\n<li><a href=\"http:\/\/www.minetad.gob.es\/industria\/es-ES\/Servicios\/Paginas\/agenda-sector-industrial.aspx\">Agenda del sector industrial<\/a><\/li>\n<\/ul>\n<p>En este contexto, la iniciativa Industria Conectada 4.0 se ha lanzado con el fin de impulsar la transformaci\u00f3n digital de la industria espa\u00f1ola mediante la actuaci\u00f3n conjunta y coordinada del sector p\u00fablico y privado. Esta iniciativa est\u00e1 alineada y es complementaria a las dos iniciativas nacionales citadas:\u00a0 la Agenda Digital y la Agenda para el Fortalecimiento del Sector Industrial en Espa\u00f1a. La iniciativa tiene un triple objetivo: incrementar el valor a\u00f1adido industrial y el empleo cualificado en el sector; favorecer el modelo espa\u00f1ol para la industria del futuro y desarrollar la oferta local de soluciones digitales; desarrollar palancas competitivas diferenciales para favorecer la industria espa\u00f1ola e impulsar sus exportaciones<\/p>\n<ul>\n<li><a href=\"http:\/\/www.industriaconectada40.gob.es\/Paginas\/Index.aspx\">Inciativa industria conectada<\/a><\/li>\n<\/ul>\n<p><strong>Directrices y estrategias de la Uni\u00f3n Europea:<\/strong><\/p>\n<p>La Comisi\u00f3n Europea ha enfatizado m\u00e1s su estrategia industrial con su comunicaci\u00f3n de 22 de enero de 2014 \u201cPor un renacimiento industrial europeo\u201d COM(2014) 14 final, mediante el que se insta a los estados miembros a orientar sus pol\u00edticas econ\u00f3micas para construir una base industrial fuerte como eje fundamental para la recuperaci\u00f3n de la competitividad en Europa.<\/p>\n<ul>\n<li><a href=\"http:\/\/europa.eu\/rapid\/press-release_IP-14-42_es.htm\">Renacimiento industrial europeo<\/a><\/li>\n<li><a href=\"http:\/\/www.europarl.europa.eu\/atyourservice\/es\/displayFtu.html?ftuId=FTU_5.9.1.html\">Principios generales de la pol\u00edtica industrial de la UE<\/a><\/li>\n<li><a href=\"http:\/\/ec.europa.eu\/growth\/industry\/policy_es\">EU Industrial Policy<\/a><\/li>\n<\/ul>\n<p>La transformaci\u00f3n digital de los negocios y en particular lo que afecta a la Industria, presenta un enorme potencial de crecimiento para Europa.<\/p>\n<ul>\n<li><a href=\"http:\/\/eur-lex.europa.eu\/legal-content\/ES-EN\/TXT\/?uri=CELEX:52016DC0180&amp;from=EN\">Digitalizaci\u00f3n de la industria europea<\/a><\/li>\n<li><a href=\"http:\/\/ec.europa.eu\/growth\/industry\/digital-transformation_es\">Digital transformation<\/a><\/li>\n<\/ul>\n","protected":false},"excerpt":{"rendered":"<p>Los retos derivados de la era de la digitalizaci\u00f3n, hacen que desde los diferentes \u00e1mbitos de las Administraciones y Organismos P\u00fablicos se est\u00e9n estableciendo programas y estrategias de apoyo orientados &hellip; <\/p>\n<p class=\"link-more\"><a href=\"https:\/\/aragonindustria40.es\/index.php\/organismos-publicos\/\" class=\"more-link\">Continuar leyendo<span class=\"screen-reader-text\"> \u00abOrganismos p\u00fablicos\u00bb<\/span><\/a><\/p>\n","protected":false},"author":1,"featured_media":0,"parent":0,"menu_order":0,"comment_status":"closed","ping_status":"closed","template":"","meta":{"_acf_changed":false,"jetpack_post_was_ever_published":false,"footnotes":""},"class_list":["post-329","page","type-page","status-publish","hentry"],"acf":[],"jetpack_sharing_enabled":true,"jetpack_shortlink":"https:\/\/wp.me\/P9QsgV-5j","_links":{"self":[{"href":"https:\/\/aragonindustria40.es\/index.php\/wp-json\/wp\/v2\/pages\/329","targetHints":{"allow":["GET"]}}],"collection":[{"href":"https:\/\/aragonindustria40.es\/index.php\/wp-json\/wp\/v2\/pages"}],"about":[{"href":"https:\/\/aragonindustria40.es\/index.php\/wp-json\/wp\/v2\/types\/page"}],"author":[{"embeddable":true,"href":"https:\/\/aragonindustria40.es\/index.php\/wp-json\/wp\/v2\/users\/1"}],"replies":[{"embeddable":true,"href":"https:\/\/aragonindustria40.es\/index.php\/wp-json\/wp\/v2\/comments?post=329"}],"version-history":[{"count":6,"href":"https:\/\/aragonindustria40.es\/index.php\/wp-json\/wp\/v2\/pages\/329\/revisions"}],"predecessor-version":[{"id":2341,"href":"https:\/\/aragonindustria40.es\/index.php\/wp-json\/wp\/v2\/pages\/329\/revisions\/2341"}],"wp:attachment":[{"href":"https:\/\/aragonindustria40.es\/index.php\/wp-json\/wp\/v2\/media?parent=329"}],"curies":[{"name":"wp","href":"https:\/\/api.w.org\/{rel}","templated":true}]}}